k?
6
Let j be ((-36)/(-10))/((-9)/240). Let b be 8/(2 + j/51). Suppose 4*f + 5*k - 61 = 5, 0 = -5*f + k + b. What is the units digit of f?
4
Let p(s) = s**3 + 10*s**2 - 5*s - 6. Let r be p(-7). Let g = r - 123. What is the tens digit of g?
5
Let b(l) be the first derivative of -13*l**2/2 - l - 9. What is the tens digit of b(-4)?
5
Let s = 27 + 80. Suppose 0 = 111*d - s*d - 188. What is the tens digit of d?
4
Suppose 39*c - 33*c - 6384 = 0. What is the units digit of c?
4
Let u = 1043 - 429. What is the tens digit of u?
1
Suppose -4*w - a = -0*a - 765, 2*a + 189 = w. Suppose 13*k = 12*k + w. What is the units digit of k?
1
Suppose 22*w = -726 + 24310. What is the thousands digit of w?
1
Let q(c) = c**2 - 4*c + 4. Let g be q(3). Let z(i) = 10*i + 8*i - 20*i + g. What is the units digit of z(-6)?
3
Suppose -4*j + 14215 = 3135. What is the tens digit of j?
7
Let h(d) = -12*d + 38. Let l be (-13)/(195/40)*15/4. What is the units digit of h(l)?
8
Let d = -789 - -365. Let i = d - -643. Suppose 5*r - 81 = i. What is the units digit of r?
0
Let o = 9996 - 4280. What is the tens digit of o?
1
Let f(n) = n**2 + 9*n - 2. Let g be f(-7). Let y = -12 - g. What is the tens digit of (10/y)/(-5)*-150?
7
Let q(h) = -h**2 - 37*h + 43. What is the hundreds digit of q(-20)?
3
What is the tens digit of ((-3)/12)/((-27)/15876)?
4
Let v(i) = 4*i - 1. Let d(z) = -1. Let k = -6 + 7. Let r(m) = k*v(m) - 6*d(m). What is the units digit of r(5)?
5
Let m(s) = -s**3 - 5*s**2 - s. Let j be m(-8). What is the tens digit of (j/30)/(4/54)?
9
Suppose -5*r - 4075 = -5*p, 24*r - 23*r + 2453 = 3*p. What is the tens digit of p?
1
Let l(b) = -b - 3 - 4 + 4 + 3*b. Let v(i) = 13*i**3 + 2*i**2 - 1. Let y be v(1). What is the units digit of l(y)?
5
Suppose 3*k - 183 = 3*p, p - k + 6*k = -91. Let r = -43 - p. What is the units digit of r?
3
Suppose 0 = -54*a + 51*a + 1464. What is the hundreds digit of a?
4
Let u = -876 + 1686. What is the hundreds digit of u?
8
What is the hundreds digit of (-5 + 32/6)/(6/29214)?
6
Suppose -308 = -2*b + 3*c, 0 = -0*b - 2*b - 4*c + 308. Suppose -5*m + 4*m = -b. What is the hundreds digit of m?
1
Suppose -8*x = -7*x + 2. What is the units digit of (-3 - 91/(-21))/(x/(-3))?
2
Let a = -670 - -1175. What is the tens digit of a?
0
Suppose 0 = -3*p - 3*p + 672. Suppose 5*t - 168 = p. What is the tens digit of t?
5
Let c be -5*(-3 - 57/(-15)). Let r be 2/((c/4)/(-3)). What is the units digit of (r - 2) + -3 - -22?
3
Let c = 28 + -22. Suppose -c*m + 14 + 4 = 0. Suppose 50 = -m*g + 149. What is the units digit of g?
3
Let d = -12 - -6. Let a be (-49)/(-3) + (-4)/d. Suppose -a - 31 = -4*l. What is the units digit of l?
2
Let z = -122 + 274. Suppose 164 + z = 4*n. What is the tens digit of n?
7
Let z(c) = 17*c**2 - c + 2. Let l be z(2). Suppose 4*n - l = 228. What is the units digit of n?
4
Suppose -101 - 227 = -f. Suppose 2*q - a = a + f, -5*a - 331 = -2*q. What is the tens digit of q?
6
Suppose 0 = -12*n + 7*n + 705. Suppose 4*m - 138 + 923 = 5*w, n = w - 4*m. What is the units digit of w?
1
What is the units digit of (4629/(-15) - 2)/((-25)/125)?
3
Let i = 10 - 32. Let o = -7 - i. Suppose 2*r - 5*b + 3*b - 60 = 0, o = 5*b. What is the units digit of r?
3
Suppose 0 = 38*c - 42*c - 32. Let s be (-198)/c + (-5)/(-20). Suppose 0*l - l + 3*x = -s, -l - 5*x + 9 = 0. What is the tens digit of l?
1
Suppose -w - 24 = -9*c + 4*c, 1 = w. Suppose 3*r - 5*u - 165 = 0, 5*u + 196 = c*r - 69. What is the tens digit of r?
5
Let v(p) = -442*p - 494. What is the thousands digit of v(-14)?
5
Let w = 227 - 106. What is the units digit of w?
1
Let f(q) = 2*q**2 - 69*q + 111. What is the tens digit of f(35)?
4
Let n(s) = 14*s**2 - 7*s - 6. Let j be n(-4). Suppose -5*p - 76 = -j. What is the tens digit of p?
3
Suppose 5895 - 547 = 7*d. What is the hundreds digit of d?
7
Let k(v) = -3*v - 7. Let p be k(-5). Let q = 133 + -119. Let s = q - p. What is the units digit of s?
6
Let m be 1/(-3 + (-1208)/(-404)). Let z = m + 201. What is the units digit of z?
0
Let a(j) = -20*j - 73. Let v be a(-5). What is the tens digit of ((-44)/10)/((v/(-30))/9)?
4
Let s(g) = 9*g**2 + 2*g - 1. Let b be s(1). Let x(m) = -b*m + 65 - 6*m + 15*m. What is the units digit of x(0)?
5
What is the hundreds digit of 189*(-4 - 186/(-72))*-4?
0
Suppose -u - 9 = 6. Let t(i) = i**3 + 16*i**2 + 10*i - 7. What is the tens digit of t(u)?
6
Let s(f) = -f**2 - 8*f + 4. Let m be s(-7). Suppose -5*i = 4*h - 84, 43 + 1 = 3*i - 4*h. Suppose -i*x = -m*x - 140. What is the units digit of x?
8
Suppose -2*t - 3*o + 95 = 0, -o = -t - 0*t + 60. Suppose -a + 105 = 6*w - 2*w, a - t = -2*w. What is the units digit of w?
5
Suppose 0 = 6*o + 154 - 34. Let h = o + 37. What is the units digit of h?
7
Let q be 5*((-68)/20 + 4). Let b(x) = x + 3. Let t be b(q). Suppose 0 = v - t*v + 40. What is the units digit of v?
8
Let r(w) = w**3 + 9*w**2 - 2*w - 13. Let j be r(-9). Suppose y - 124 = -j*b, -b - 122 = -2*y + 170. What is the tens digit of y?
4
Suppose -p = -5*w, 5*w + 0*p - 2*p = 0. Let x be 76 - (w - 2 - 1). Suppose -5*j = -0*k + 3*k - 83, 0 = -3*k - 4*j + x. What is the units digit of k?
1
Suppose -542*j + 7231 = -535*j. What is the thousands digit of j?
1
Suppose 5*u + p = 50 + 17, -12 = 4*p. Suppose h = 5*n - 24, h - 2*h - 5*n + 16 = 0. Let m = h + u. What is the units digit of m?
0
Suppose 3*f = f + 4*l + 5200, 3*l + 10410 = 4*f. What is the hundreds digit of f?
6
Suppose -10*a + 14*a = 16. Suppose 13 - a = j. What is the tens digit of (15/j - 2)*-93?
3
What is the tens digit of (-8572)/(-6) + (-2)/3?
2
Suppose 0 = s - 2*f + 3676, -3*f = -2*s - 2*s - 14679. What is the units digit of (-8)/(-5) - 1 - s/65?
7
Let c = 25 + 170. What is the units digit of c?
5
Suppose -2*o - 3 + 9 = 0. Suppose 24 + 8 = y. Suppose 2*l + 58 = 2*t, -3*t - o*l + 73 + y = 0. What is the tens digit of t?
3
Suppose 0*v + 3*l = 3*v - 30, 4*v + 4*l = 0. Suppose -5*h - v*g = -1085, 2*g + 2*g + 1067 = 5*h. Suppose 6*o = o + h. What is the tens digit of o?
4
Suppose -12 = 3*j + 42. What is the units digit of -2 - j - 48/(-16)?
9
Suppose -129 - 876 = -3*m. What is the tens digit of m*((-16)/(-88) - (-12)/55)?
3
Let y(v) = v**3 + 9*v**2 + 15*v - 5. Let w be y(-6). Suppose -w*j = -9*j - 684. What is the tens digit of j?
7
Suppose 3*k = -2*h + 52, 0*h + 3*k + 26 = h. Let z = h + -22. What is the units digit of z?
4
Suppose -4*q - 19 = -79. Let b = -9 + q. Suppose -190 = v - b*v. What is the tens digit of v?
3
Let x be (-8)/(-44) - 163/(-11). Suppose 6*j = j + x. What is the units digit of j - (0 - 1 - 5)?
9
Let p(r) = -r**2 - 5*r - 4. Let f be p(-4). Suppose f = -d + 6*d - 10. What is the units digit of d?
2
Let o(l) = 92*l - 838. What is the tens digit of o(39)?
5
Let s(r) = -4*r + 3*r + 0*r + 0*r + 13. Let o be s(6). Let f = o - -6. What is the tens digit of f?
1
Let j(i) = 3*i + 24. Suppose 0*y - 3*y = 21. What is the units digit of j(y)?
3
Let c be -4 - (-1 - -4 - 23). Suppose -c = -3*t + 65. What is the tens digit of t?
2
Let g(h) = 14*h**2 - 2*h + 1. Let a(r) = 14*r**2 - 3*r + 1. Let l(p) = -2*p - 13. Let b be l(-9). Let j(f) = b*g(f) - 4*a(f). What is the tens digit of j(-1)?
1
Let n = 121 + -142. Let h(u) = u**2 + 10*u + 21. What is the hundreds digit of h(n)?
2
Let g be 2/(-1) + -1 - -1. What is the tens digit of (-1 - -2)*(53 - g)?
5
Let s(r) = -r**2 + 46*r - 34. What is the units digit of s(34)?
4
Let m = -685 + 1833. What is the units digit of m?
8
Let s(v) = -v**3 - 16*v**2 - 12*v + 33. Let j be s(-15). What is the tens digit of (-9)/j + 322/8?
4
Let g be 0*(5 + 36/(-8)). Suppose -3*l + 449 + 61 = g. What is the units digit of l?
0
Suppose 5*g = -5*x + 10, 3*x - 2*g = -7*g - 4. Let h = 3 + -5. Let l = x + h. What is the units digit of l?
5
Let f(w) = -14*w - 11. Let s(c) = -28*c - 21. Let a(b) = 5*f(b) - 2*s(b). What is the tens digit of a(-8)?
9
Suppose -5*l - 4*y - 958 = -2467, 2*l = -5*y + 607. Suppose -901 = -5*s - l. Suppose -q - 2*q = -s. What is the units digit of q?
0
Let c = -466 + 909. What is the hundreds digit of c?
4
Let q(h) = 2*h - 15. Let v be q(9). Let x = 18 - 15. Suppose -x*c + 118 = 4*s - 67, 2*s = v*c - 155. What is the units digit of c?
5
Suppose -a + 890 = 5*z, -3*z = -3*a + 6*a - 534. Suppose -o - 17 = -z. What is the tens digit of